 - (-1 + 1) - -3?
4
(-5 - (-11 + 3)) + -3
0
What is the value of -6 + 9 - (-2 - -6) - 2?
-3
Calculate -7 - (-1 - (-4 - (-7 + 1))).
-4
Evaluate (1 - 0 - 2) + -1.
-2
1 - (-3 - (4 - (2 - -1)))
5
(68 - 75) + 8 + -1
0
Calculate 6 - (-5 + -9 + 10).
10
What is 3 - (-2 + 1 + 2)?
2
Calculate 2 + -2 + -3 - 2.
-5
8 - (8 + (3 - 7))
4
Calculate (5 - 1) + 6 + -9.
1
What is (8 - 12) + 1 + -2?
-5
What is the value of 3 - (-5 - -10) - -10?
8
Evaluate -1 - 2 - 2 - -1.
-4
Evaluate (-5 - 2) + 136 + -131.
-2
Calculate (-9 - (-10 - -7)) + 9.
3
-6 - -1 - (-1 - -1)
-5
What is -2 + 6 + (-19 - -8)?
-7
Evaluate (44 - 40) + 0 + 1 + -2.
3
Evaluate -10 + 31 - (-11 + 24).
8
Calculate -1 - -4 - (4 + (4 - 0)).
-5
What is the value of -1 + 6 - (0 + -6 + 6)?
5
What is 9 - (3 - 2 - (-11 - -9))?
6
What is 4 + (2 - (-5 + 0) - 6)?
5
What is 2 + -1 + (1 - 0 - 0)?
2
What is the value of 11 + -8 + 3 + -3?
3
4 - (7 - 3) - (1 - 4)
3
Evaluate -5 + (6 - (-5 + 2)).
4
-8 + -4 + 13 - 8
-7
Evaluate (-2 - -1 - (22 + -25)) + -7.
-5
Calculate -14 + 5 + (12 - 3).
0
What is the value of -7 - -3 - (-2 + 0)?
-2
What is the value of (-5 - -1) + (-3 - -11)?
4
What is -2 + 8 + -2 + (-5 - -1)?
0
Calculate 2 - 9 - (-7 + -5).
5
Evaluate 6 + -5 + 0 + 5 + -4.
2
Evaluate -3 - (-14 + 4 + 7).
0
(6 + -1 - (-11 - -9)) + 3
10
Calculate -2 + 1 + 20 + -21.
-2
Evaluate (-5 - (-5 - (8 + -5))) + -5.
-2
What is -11 + (17 + 1 - 11)?
-4
What is 3 - (-5 - (7 + -8))?
7
What is 8 + -3 + -5 - 6 - -8?
2
Evaluate 2 + (-4 - -2 - 0).
0
What is the value of (-11 - (-7 + 4)) + (4 - 1)?
-5
Evaluate (16 - 7) + -5 - -2 - 14.
-8
What is -8 - (-6 - (-2 - -1) - -2)?
-5
What is the value of -1 - (-3 - 2 - -1)?
3
What is -3 - -1 - (2 - 8)?
4
What is the value of (-2 - -1) + -1 + 2 - 2?
-2
What is -5 - (9 + -18) - (-2 + -3)?
9
What is the value of 4 - (16 - ((-7 - -3) + 10))?
-6
Calculate 19 + -26 + -1 + 2 + 1.
-5
Evaluate (1 + 7 - (2 + 2)) + -3.
1
Calculate -2 + 0 + 1 + 4 + -2.
1
Calculate -2 - (3 - (2 + 1)).
-2
What is the value of -6 - ((-22 - -20) + (4 - 2))?
-6
Evaluate 5 + (3 + 0 + -2 - 3).
3
What is the value of 3 + 11 + -6 + -6?
2
What is 1 - -5 - (15 + -9)?
0
What is the value of 0 - (0 + 5 + -10)?
5
What is the value of (6 - 11) + (2 - -5) + -2?
0
What is the value of 2 + -6 + 0 + (-2 - -4)?
-2
Evaluate 2 - -4 - (24 - 17).
-1
What is the value of (0 - (-1 + 3)) + 6 + -7?
-3
What is (0 - (2 - 0)) + (-6 - -9)?
1
8 + (-18 - -12 - 1)
1
7 + 3 - 4 - 4
2
Calculate -14 + (1 - 2) + 7.
-8
Evaluate 2 - 0 - -2 - (86 - 88).
6
Evaluate 1 + (0 - 1) + 2 - 5.
-3
Evaluate 135 + -138 - (1 + -4).
0
Calculate 1 - ((-3 - -7) + -4).
1
What is the value of 1 - 4 - (10 + -28 + 17)?
-2
Calculate -7 - -11 - (-2 - -1).
5
What is 0 + 3 - (0 - (-6 - -3))?
0
What is the value of 3 + -5 + 6 - (2 - 3)?
5
-3 + (0 + 0 - (4 - 6))
-1
Evaluate 5 + (1 - (1 + -4) - 4).
5
Evaluate 2 + 1 + 3 + 7 + -10.
3
What is -5 - -9 - (11 + -16)?
9
(-14 - -6) + -7 + 12
-3
Evaluate 7 - (6 + -4 + 10).
-5
What is the value of 0 + (4 - (4 - 0))?
0
What is the value of -2 - (5 - (-4 + 2) - 12)?
3
(-6 + 1 + 2 - 0) + 1
-2
Calculate 3 - (-3 - (-1 - -1) - -6).
0
Calculate 7 + (0 + 0 - 1).
6
Evaluate (1 - -2) + -11 + (7 - 4).
-5
Calculate -4 + (5 - (3 + 0)) - -1.
-1
Calculate -5 + (-5 - (3 - 18) - 0).
5
-1 + 3 - (-10 + 9)
3
What is the value of -7 - (8 + -16) - 6?
-5
Calculate (-1 - 9) + -35 + 42.
-3
Calculate 3 + (-5 - -4) - 4.
-2
Evaluate 2 - (-3 + 5 - 2) - 3.
-1
1 - ((-2 - -3) + (6 - 4))
-2
What is (1 + -9 - -9) + 2 + -1?
2
Calculate 0 + 14 + 7 + -13.
8
What is -3 + 1 + 2 + (-4 - -3)?
-1
What is -6 + (-1 - -12) + -3?
2
13 + (3 - 0 - (-2 - -12))
6
-98 + 102 + (-1 - 9)
-6
Evaluate -9 + (3 - (-2 + (0 - -2))).
-6
What is the value of (-2 - 1) + 58 + -61?
-6
7 + -9 + 3 - -1
2
Evaluate -6 + (-7 - (-7 - 0)).
-6
What is -5 + -1 + 1 + 3?
-2
0 + 0 + (-4 - -1) + -2
-5
Calculate 11 - 2 - (2 - (-4 + 2)).
5
Calculate (-10 - -7) + -4 + 7.
0
What is the value of (6 - 2 - 4 - 0) + 2?
2
-5 - (3 - 1) - -6
-1
What is -1 - (-8 - -7) - -1 - 4?
-3
Evaluate (0 - (7 - 8)) + 7 + -2.
6
What is -15 - -1 - (-248 + 224)?
10
Evaluate -4 + -2 + 11 + 7 - 6.
6
Calculate (-3 + -12 - -23) + -14.
-6
What is the value of (1 - -14) + -11 - -7?
11
What is 4 - (7 + -11 + 6)?
2
What is the value of (-6 - (4 + -7)) + -1?
-4
6 - (8 - 4) - (7 + -1)
-4
Calculate 4 + 3 + -7 + (-3 - 1).
-4
Evaluate -5 - ((-2 - -2) + (0 - 9)).
4
What is 4 + -1 + -5 + 4 + 2?
4
5 + -2 + -14 + 12
1
-3 + 8 + -1 + 0 + -2
2
-3 - (4 - 7 - -2) - -3
1
What is the value of -1 + (2 - -5 - 1)?
5
What is 3 - (-1 + -1 - (-4 - 4))?
-3
Evaluate 4 + 1 + -4 + 2.
3
What is the value of (1 - (-2 + 7)) + 1?
-3
What is (-2 - -3 - 0) + -6?
-5
Evaluate 3 - (2 + 3 + -3).
1
What is -11 - -1 - 0 - (0 + -3)?
-7
-5 + 6 + (1 - (3 + 0))
-1
What is the value of 5 + -2 + -8 + 6 + -7?
-6
What is -3 + 4 + (-1 - -5 - 4)?
1
What is -1 - (9 + (-11 - -4))?
-3
Evaluate 6 + -5 - (1 - 7).
7
15 + 1 + -9 + (-1 - 1)
5
(-2 - -10) + (-29 - -26)
5
What is -2 - -2 - (1 - -4) - -12?
7
What is the value of 0 + -6 + 11 + -5?
0
Calculate (-1 - -2) + 1 - -3.
5
What is -6 + -3 - -4 - 0?
-5
What is 1 - -2 - (-38 - -35)?
6
What is the value of -2 - 7 - (39 - 51)?
3
Calculate 2 + 9 + -21 - -3.
-7
Evaluate 9 + (0 - -4) + -6.
7
Calculate -8 - -4 - (-3 - -2) - 2.
-5
What is the value of -5 + (6 - (-3 - -11) - -6)?
-1
Evaluate 20 + -20 - (4 - -2 - 1).
-5
-235 + 234 - (0 + 1 + 1)
-3
Calculate (-5 + -1 - -4) + 0.
-2
9 - (11 - (0 + 6 + 0))
4
What is the value of -6 + 6 + -9 + 4?
-5
Calculate -7 + 3 + 6 + -6 + 5.
1
(1 + 2 - -4) + -5 + 1
3
Evaluate 7 + (0 - 6) + 1 + -3.
-1
What is the value of 0 + -2 + 1 - -1?
0
Evaluate 3 + (-3 - 0) + 4.
4
-2 - (0 - (-3 - -2)) - -1
-2
What is -3 + (2 + -2 + -1 - 1)?
-5
4 + (3 - 1) + -11
-5
Evaluate -2 + 2 + -5 + (6 - 3).
-2
Evaluate 4 + -2 + -1 - 5.
-4
What is 3 + 5 + -11 + (-4 - -7)?
0
Evaluate 0 - (-1 - 1) - -2.
4
What is the value of 7 - 5 - (2 - 0)?
0
(2 - -2) + -17 + 14
1
What is (1 - (-10 + (2 - -1))) + 0?
8
Evaluate -2 - (0 + (1 - 10)).
7
What is the value of (1 - 7 - -8) + -1 + 0?
1
4 - (3 + (9 + -3 - 1))
-4
7 + (2 - 4) - (23 + -13)
-5
Evaluate 11 - (10 + -13 + 7).
7
22 + -25 - (0 - 7)
4
Evaluate 3 - (-5 + 0 - (-13 + 10)).
5
Calculate -2 - 3 - (-6 + -8).
9
What is the value of 4 - (9 + 2) - (2 + -15)?
6
What is the value of (3 - (1 + 0 + 3)) + -2?
-3
Calculate -11 - (-3 + -5) - -6.
3
Calculate -10 - -5 - (-10 + -3).
8
-7 + (10 - (1 - -9))
-7
Calculate -8 + (-2 - (6 + (-13 - -3))).
-6
(6 - 3) + 2 + 0 + -4
1
Calculate 3 - (-1 - -2 - -1 - -1).
0
What is the value of 3 - (-11 - -8 - (-7 - 2))?
-3
Calculate -1 + 1 - (-1 - 3).
4
Calculate 4 + (2 - (-1 + 4)).
3
Calculate 46 + -38 + (2 - 1) + -3.
6
Evaluate 2 + -2 + (4 - 3).
1
What is the value of 0 + (2 - (-5 + (2 - 0)))?
5
What is -1 + -6 + (-7 - -12) + -2?
-4
Evaluate 8 + (1 - 12) - 8.
-11
8 + -10 + -8 + 11
1
Evaluate 0 + 9 + (0 - 6).
3
Evaluate (-3 - -5 - (-2 - -4)) + 2.
2
What is (3 - 11) + (7 - 0 - 3)?
-4
What is the value of 1 + -2 - (-17 + 6 + 2)?
8
Calculate (-2 - -1) + (14 - (8 + -1)).
6
Calculate -8 + 11 + -2 - -5.
6
Evaluate (-16 - -18) + -3 + 6 + 3.
8
Calculate (2 - 1) + -5 - -9.
5
Evaluate (19 - 4) + (-8 - -1).
8
Calculate 3 + (0 + -7 - -5).
1
What is the value of -8 + 3 - (0 - 0)?
-5
What is -12 + (3 + (1 - 3) - -7)?
-4
Evaluate 0 + -5 + 3 - -3.
1
(-56 - -51) + 4 + 0
-1
What is the value of (21 - 23) + (-1 - -6) - 6?
-3
What is -7 + 13 - (2 - 0)?
4
Calculate 4 + -5 + (-4 - (-5 + 0)).
0
What is the value of -2 - (3 - (12 + -4))?
3
-6 - (-13 - -2 - -3)
2
What is 67 + -62 - (1 - -2 - 1)?
3
What is -10 + (-7 - (-21 + 7))?
-3
-7 + 8 - -6 - 7
0
-1 - ((1 - 1) + 3)
-4
2 - (5 - 0) - -5
2
What is -5 - (5 - 4 - -3 - 5)?
-4
What is -2 + 2 + 4 + (-36 - -35)?
3
Calculate -1 + -8 - -3 - -2.
-4
0 - ((-9 - -1) + 4)
4
Calculate 2 - (0 + (-2 - 3) + 6).
1
Calculate (0 - 1 - 9) + (20 - 15).
-5
What is the value of 2 + 27 + -34 + (4 - -2)?
1
What is the value of -4 + 9 + -13 - -16?
8
What is -9 + 7 + (-3 - -1 - 1)?
-5
-10 - (4 + -4 + (-7 - -3))
-6
What is -5 - (-2 - 4 - 3)?
4
(-2 - -1) + -8 + (1 - -7)
-1
What is (12 - 7) + 1 + -7?
-1
Evaluate (4 - 2) + (-1 - (4 + -2)).
-1
What is the value of 3 - (-2 + 1) - 0?
4
-46 + 50 - (6 + -1 + 1)
-2
What is -19 - -25 - (-1 - -5)?
2
Calculate 15 + -3 - (-52 + 57).
7
0 + 6 + -23 + 10 + 9
2
Evaluate 2 